{"id":4,"date":"2023-02-22T09:30:15","date_gmt":"2023-02-22T09:30:15","guid":{"rendered":"https:\/\/dontworrybenomad.com\/?page_id=4"},"modified":"2023-03-08T12:11:30","modified_gmt":"2023-03-08T12:11:30","slug":"dont-worry-be-nomad","status":"publish","type":"page","link":"https:\/\/dontworrybenomad.com\/","title":{"rendered":"<strong>Don&#8217;t worry, be nomad<\/strong>"},"content":{"rendered":"\n<blockquote class=\"wp-block-quote\">\n<p><strong><em>Un manifiesto para aquellos que valoran la despreocupaci\u00f3n y la vida n\u00f3mada<\/em><\/strong><\/p>\n<\/blockquote>\n\n\n<div class=\"wp-block-image\">\n<figure class=\"aligncenter size-large is-resized\"><img decoding=\"async\" loading=\"lazy\" src=\"https:\/\/dontworrybenomad.com\/wp-content\/uploads\/2023\/02\/Borrador-badge-Dont-worry-be-nomad-1024x1024.jpg\" alt=\"\" class=\"wp-image-5\" width=\"512\" height=\"512\" srcset=\"https:\/\/dontworrybenomad.com\/wp-content\/uploads\/2023\/02\/Borrador-badge-Dont-worry-be-nomad-1024x1024.jpg 1024w, https:\/\/dontworrybenomad.com\/wp-content\/uploads\/2023\/02\/Borrador-badge-Dont-worry-be-nomad-300x300.jpg 300w, https:\/\/dontworrybenomad.com\/wp-content\/uploads\/2023\/02\/Borrador-badge-Dont-worry-be-nomad-150x150.jpg 150w, https:\/\/dontworrybenomad.com\/wp-content\/uploads\/2023\/02\/Borrador-badge-Dont-worry-be-nomad-768x768.jpg 768w, https:\/\/dontworrybenomad.com\/wp-content\/uploads\/2023\/02\/Borrador-badge-Dont-worry-be-nomad-1536x1536.jpg 1536w, https:\/\/dontworrybenomad.com\/wp-content\/uploads\/2023\/02\/Borrador-badge-Dont-worry-be-nomad-2048x2048.jpg 2048w\" sizes=\"(max-width: 512px) 100vw, 512px\" \/><\/figure><\/div>\n\n\n<p class=\"has-medium-font-size\">Somos<strong> n\u00f3madas<\/strong>&#8230; Abrazamos la <strong>vida en movimiento<\/strong>. Valoramos la <strong>libertad<\/strong> y la <strong>despreocupaci\u00f3n<\/strong> por encima de todo lo dem\u00e1s. Rechazamos las ataduras del sedentarismo y buscamos experimentar todo lo que el mundo tiene para ofrecer.<\/p>\n\n\n\n<p class=\"has-medium-font-size\">Elegimos la<strong> aventura<\/strong> de atesorar amaneceres distintos cada d\u00eda. Nos movemos de un lugar a otro, <strong>explorando nuevos horizontes<\/strong> y sumergi\u00e9ndonos en culturas diferentes. Nos adaptamos a las circunstancias, aprendiendo nuevas habilidades y descubriendo nuevas formas de vivir.<\/p>\n\n\n\n<p class=\"has-medium-font-size\">Valoramos la <strong>simplicidad, la flexibilidad y la movilidad<\/strong>. No cargamos con exceso de equipaje: cada objeto que llevamos tiene que ser pr\u00e1ctico y valioso. Nos movemos en peque\u00f1as casas con ruedas y siempre estamos preparados para partir hacia el <strong>pr\u00f3ximo destino<\/strong>.<\/p>\n\n\n\n<p class=\"has-medium-font-size\">A veces puede resultar dif\u00edcil entendernos para aquellos que prefieren la estabilidad y la seguridad de su rutina. Nos preguntan: \u00ab\u00bfC\u00f3mo puede gustarte esto? \u00bfNo prefieres un buen hotel y un viaje programado?\u00bb Pero lo que no entienden es que <strong>nuestra vida n\u00f3mada<\/strong> nos proporciona una<strong> sensaci\u00f3n de libertad y de plenitud<\/strong> que no puede ser igualada por eso que los dem\u00e1s definen como seguridad o comodidad.<\/p>\n\n\n\n<p class=\"has-medium-font-size\">Estamos <strong>orgullosos<\/strong> de nuestra resistencia a la monoton\u00eda y nuestra habilidad para encontrar la belleza en cada <strong>experiencia<\/strong>. Anhelamos la oportunidad de experimentar el mundo en su plenitud. &nbsp;<\/p>\n\n\n\n<p class=\"has-medium-font-size\">Por encima de todo, <strong>somos libres<\/strong>. Libres de seguir a nuestros corazones y nuestras pasiones, libres de las restricciones del sedentarismo y libres de las expectativas de la sociedad. Somos n\u00f3madas y abrazamos cada momento de la <strong>vida en movimiento.<\/strong><\/p>\n\n\n\n<p class=\"has-medium-font-size\">As\u00ed que, si eres uno de nosotros, uno de los n\u00f3madas, recuerda: no te preocupes, sigue adelante y <strong>disfruta del viaje<\/strong>. Haz lo que amas y hazlo siempre. Convierte tu <strong>pasi\u00f3n<\/strong> en tu vida. Y <strong>vive tu vida<\/strong> con pasi\u00f3n. Recuerda, al final la vida no es lo que tienes, son las vivencias que atesoras. La vida es sue\u00f1o, vive tus sue\u00f1os. Y no esperes: no hay mejor momento.<\/p>\n\n\n\n<p class=\"has-medium-font-size\">La <strong>vida<\/strong> <strong>es demasiado corta<\/strong> para quedarse quieto, as\u00ed que sal ah\u00ed afuera y <strong>explora<\/strong> todo lo que el mundo tiene para ofrecer. El mundo es tuyo. <strong>Don&#8217;t worry, be nomad.<\/strong><\/p>\n\n\n<div class=\"wp-block-image\">\n<figure class=\"aligncenter size-large is-resized\"><img decoding=\"async\" loading=\"lazy\" src=\"https:\/\/dontworrybenomad.com\/wp-content\/uploads\/2023\/03\/se-vienen-cositas-1024x944.png\" alt=\"\" class=\"wp-image-33\" width=\"256\" height=\"236\" srcset=\"https:\/\/dontworrybenomad.com\/wp-content\/uploads\/2023\/03\/se-vienen-cositas-1024x944.png 1024w, https:\/\/dontworrybenomad.com\/wp-content\/uploads\/2023\/03\/se-vienen-cositas-300x276.png 300w, https:\/\/dontworrybenomad.com\/wp-content\/uploads\/2023\/03\/se-vienen-cositas-768x708.png 768w, https:\/\/dontworrybenomad.com\/wp-content\/uploads\/2023\/03\/se-vienen-cositas.png 1172w\" sizes=\"(max-width: 256px) 100vw, 256px\" \/><\/figure><\/div>","protected":false},"excerpt":{"rendered":"<p>Un manifiesto para aquellos que valoran la despreocupaci\u00f3n y la vida n\u00f3mada Somos n\u00f3madas&#8230; Abrazamos la vida en movimiento. Valoramos la libertad y la despreocupaci\u00f3n por encima de todo lo dem\u00e1s. Rechazamos las ataduras del sedentarismo y buscamos experimentar todo lo que el mundo tiene para ofrecer. Elegimos la aventura de atesorar amaneceres distintos cada [&hellip;]<\/p>\n","protected":false},"author":1,"featured_media":0,"parent":0,"menu_order":0,"comment_status":"closed","ping_status":"closed","template":"","meta":[],"_links":{"self":[{"href":"https:\/\/dontworrybenomad.com\/index.php?rest_route=\/wp\/v2\/pages\/4"}],"collection":[{"href":"https:\/\/dontworrybenomad.com\/index.php?rest_route=\/wp\/v2\/pages"}],"about":[{"href":"https:\/\/dontworrybenomad.com\/index.php?rest_route=\/wp\/v2\/types\/page"}],"author":[{"embeddable":true,"href":"https:\/\/dontworrybenomad.com\/index.php?rest_route=\/wp\/v2\/users\/1"}],"replies":[{"embeddable":true,"href":"https:\/\/dontworrybenomad.com\/index.php?rest_route=%2Fwp%2Fv2%2Fcomments&post=4"}],"version-history":[{"count":12,"href":"https:\/\/dontworrybenomad.com\/index.php?rest_route=\/wp\/v2\/pages\/4\/revisions"}],"predecessor-version":[{"id":35,"href":"https:\/\/dontworrybenomad.com\/index.php?rest_route=\/wp\/v2\/pages\/4\/revisions\/35"}],"wp:attachment":[{"href":"https:\/\/dontworrybenomad.com\/index.php?rest_route=%2Fwp%2Fv2%2Fmedia&parent=4"}],"curies":[{"name":"wp","href":"https:\/\/api.w.org\/{rel}","templated":true}]}}